 = 163. What is the hundreds digit of z?
1
Suppose -m - 2*j = 2*m - 744, -5*m + 1240 = -4*j. Suppose -5*c + m = -3*o - 183, 2 = -o. Let b = c + -30. What is the tens digit of b?
5
Let p be -32 - 4*3/3. Let h = 88 + p. What is the tens digit of h?
5
Let l(i) = 187*i**2 + 34*i + 128. What is the units digit of l(-4)?
4
Let a = -101 + 101. What is the units digit of ((-2)/(-5))/(a + (-5)/(-550))?
4
Suppose -75 = -2*u + 65. Suppose -2*n = n + 129. Let k = n + u. What is the tens digit of k?
2
Suppose -5*k + 119 = -w + 2*w, -651 = -5*w + 3*k. What is the tens digit of w?
2
Suppose 37 = 5*v - 38. Suppose -i + 20 = v. Suppose i*t + 5*r - r = 294, t - 78 = 4*r. What is the tens digit of t?
6
Suppose 1104 = -9*m + 14451. What is the hundreds digit of m?
4
Let l = 63 + -59. What is the units digit of 2/(-3) + 190/6*l?
6
Let v be 9/6*(5 - 3). Let a be ((-27)/2)/(v/(-6)). Let b = 45 - a. What is the tens digit of b?
1
Let o = 12 + -10. Suppose -4 = -o*a + 4. Suppose 3*d = 5*d - f - 16, 0 = a*d + f - 44. What is the tens digit of d?
1
Let v(k) be the third derivative of 4/3*k**3 + 0*k + 7*k**2 + 0 + 1/24*k**4. What is the units digit of v(-4)?
4
Let w = -147 + 206. Suppose x - 3*s + w = -4, -s = -3. Let g = x + 90. What is the tens digit of g?
3
Let s be 2*1 + (-8 - -6 - 2). Let q(a) = -8*a**3 + 2*a - 1. What is the tens digit of q(s)?
5
Let y be (2/4)/(6/(-144)). Let m(c) = -c**3 - 12*c**2 - 8*c - 3. Let z be m(y). Suppose -4*h - 7*k = -2*k - 120, -3*k = 3*h - z. What is the units digit of h?
5
Let b be -4 - -75 - (3 - 1). Let y = 24 + b. What is the units digit of y?
3
Let k(c) = c**2 - 10*c + 1. Let l be k(7). What is the units digit of (-908)/l - (-2)/(-5)?
5
Suppose 34*t = 36*t - 846. What is the units digit of t?
3
What is the units digit of (1/(-5))/(48/(-323040))?
6
Let u(f) = 7*f**3 + 2*f**2 + 2*f + 2196. What is the units digit of u(0)?
6
Let a be ((-10)/(-15))/(4/(-30)). Let l = 8 + a. Suppose -2*b + 49 = -l*y, -34 = -b - 3*y + 4. What is the tens digit of b?
2
What is the hundreds digit of 9829/3 - (-10)/15?
2
What is the hundreds digit of (5/(-10))/(1/(-5174))?
5
Suppose 0 = 5*r - 2*r - 42. Let w(a) = 7*a**3 + a**2 + 13 - r - 2*a**3. What is the units digit of w(1)?
5
Suppose 3*a + 6*m - 3*m - 18 = 0, -17 = -2*a + 3*m. What is the tens digit of (a - 1 - -69) + 2/(-2)?
7
Suppose -5*v + 2*p + 2*p = 22, 0 = 2*v - 2*p + 10. Let i be (v/5)/(1/15). Let s(n) = -n**3 - 6*n**2 + n + 8. What is the units digit of s(i)?
2
Suppose -3*t - h + 969 = 0, 4*h + 298 = t - 38. What is the tens digit of t?
2
What is the tens digit of 5*(466/2 + 5 + -9)?
4
Suppose -5*d + 22 = -3*p, 6*d + 1 = 5*d. Let k = p + 11. Suppose -k = -i - i. What is the units digit of i?
1
What is the hundreds digit of ((-785)/(-2))/(3/6)?
7
Let z = 668 - 312. Let g = z + -236. What is the tens digit of g?
2
Let k = 3 + -6. Let v be -12*(3 + 10/k). Suppose v*q - 74 = 54. What is the tens digit of q?
3
Suppose -9*v + 6651 = -8667. What is the tens digit of v?
0
Let a(x) = -5*x + 25*x - 6*x - 1. What is the tens digit of a(8)?
1
Let b = 31 - 29. Suppose b*j - 182 - 98 = 0. What is the tens digit of j?
4
Let o(v) = -144*v - 116. Let s(k) = -48*k - 39. Let f(a) = 5*o(a) - 16*s(a). What is the hundreds digit of f(6)?
3
Let p(s) = -20*s + 27. Let x be p(-7). Suppose -x = -3*k + 2*r, -7*k + 2*k - 5*r = -245. What is the units digit of k?
3
Let a(z) = 0*z**3 - 1 - 2*z**3 - 18*z + 19*z + 8*z**2 - 4*z**2. What is the units digit of a(-3)?
6
Suppose 31*u = 37*u - 3918. What is the hundreds digit of u?
6
Suppose -2*w + q = -862, -4*q + 2177 = 5*w - q. What is the hundreds digit of w?
4
What is the units digit of (6*6/108)/(1/5286)?
2
What is the tens digit of (13/15 + (-19)/95)*1077?
1
Suppose 0 = 2*g + 3 - 5. Let h be (-29 - g) + 2/(-1). Let v = 80 + h. What is the units digit of v?
8
Suppose -4*d - 2*a = -7*a + 185, 5*d - 2*a = -210. Let z = d - -73. What is the tens digit of z?
3
What is the tens digit of 3/9 - 81225/(-135)?
0
Suppose 0 = 412*t - 415*t + 780. What is the units digit of 3/(((-39)/t)/((-94)/8))?
5
Let t(h) = -h + 6. Let a be t(6). Suppose 17 = 3*g + v, v + v = 3*g - 2. Suppose 9*o + g*w = 4*o + 126, a = -o - 2*w + 30. What is the tens digit of o?
2
What is the thousands digit of 2470 + -3 + 13 + -3?
2
Suppose 7*k = 13*k - 48. Suppose -k*z + 18*z - 700 = 0. What is the units digit of z?
0
Let r(o) = -111*o**3 - 3*o**2 - 2*o. What is the tens digit of r(-1)?
1
Suppose -2*k = -545 - 667. What is the units digit of k?
6
Let m(x) = -x + 19. Let i(p) = -p**3 + 7*p**2 - 6*p + 9. Let f be i(6). What is the units digit of m(f)?
0
Let h(n) = -151*n**2 + 146*n**2 - 5*n - 6*n - 3*n**3 + 5*n. What is the hundreds digit of h(-4)?
1
Let v = -34 - -17. Let o = v + 60. Let d = o + -23. What is the tens digit of d?
2
Let v be ((-9)/6)/(3/(-6)). Suppose -5*n = -103 + v. Suppose -3*y - y = -n. What is the units digit of y?
5
Suppose 29*m - 32 = 27*m. What is the units digit of (-12 + m)*(-58)/(-8)?
9
Let w = 224 - 472. Let q = -140 - w. What is the units digit of q?
8
Let s = -417 - -758. Let a = s - 124. What is the hundreds digit of a?
2
Suppose 2*i - 5*p = 0, -6*i + 7*i = -p + 7. Suppose -9*y + 4*y = -i*u - 245, -5*u - 139 = -3*y. What is the units digit of y?
3
Let b be 3*9/(-2)*2. Let v = -19 - b. Suppose -5*d - 228 = -v*d. What is the units digit of d?
6
Suppose -782 = -x + 4*u, 5*x - 3*u - 3976 = -5*u. What is the tens digit of x?
9
Suppose 5*k = -2*j - 2*j + 1513, -5*j + 5*k = -1835. What is the units digit of j?
2
Suppose 4*w + 14 = 34. What is the tens digit of -3 + (153 - 20/w)?
4
Let d(i) = 109*i**2 - 4*i - 2. What is the hundreds digit of d(2)?
4
Let c(v) = -1 + 9 + 12*v + 9 - 5 + v**2. Let o be c(-10). What is the units digit of o/(-6)*(-171)/(-38)?
6
Let v = 351 - 166. What is the tens digit of v?
8
Let x(z) = -z**3 + 13*z**2 + 27*z - 11. Let a be x(14). Let q = 339 - a. What is the units digit of q?
8
Let z(l) = -2*l**2 + 7*l + 9. Let x be z(10). Let a = x + 170. What is the tens digit of a?
4
Let y(k) = -k - 10*k + 3 - k + k. Let a be y(11). Let n = -73 - a. What is the units digit of n?
5
Let u(x) = 56*x + 4. Let m be u(4). Let s = -13 + 18. What is the units digit of s*-1*m/(-30)?
8
Let i = -1599 + 2778. What is the units digit of i?
9
Let y(i) = i**3 + 14*i**2 - 2*i - 28. Let x be y(-14). Suppose -4*t + 5*o = -48, -23 = -2*t - 3*o + 1. Let j = t - x. What is the tens digit of j?
1
Let z(n) = -n**2 + 12*n - 27. Let c be z(10). Let y(a) = a**2 - 4*a - 8. What is the tens digit of y(c)?
6
Let w = 3 + 0. Suppose -w*d - 5*l = 3 + 21, -5*d - 40 = 4*l. Let o = d - -9. What is the units digit of o?
1
Let i(h) = 213*h**2 + 7*h - 29. What is the units digit of i(3)?
9
What is the units digit of 56/(-21)*921/(-4)?
4
Suppose -3*j + 5*y + 64 = y, -y = 2*j - 39. Let a = j + -16. Suppose -3 = -z + f, -3*z + 5 = -a*f - 6. What is the units digit of z?
1
Suppose -16 - 14 = 5*h. Let w(z) = z - 8. Let a be w(8). What is the units digit of (a - h)*(-55)/(-15)?
2
Let f = 2480 + -628. What is the tens digit of f?
5
Let d = -13 + 18. Suppose 0 = -3*w + 4*l + 1, 4*l + 1 - 24 = -d*w. What is the units digit of w?
3
Let v(f) = -20*f + 9. Let y be v(-7). Suppose -5*s = 3*x - 693, -3*s - 2*x + y = -267. What is the hundreds digit of s?
1
Let c be 2/(-10) + (-25)/((-1250)/260). Let d(h) be the second derivative of h**5/20 - 5*h**4/12 + h**3/2 + 7*h**2/2 + h. What is the tens digit of d(c)?
2
Suppose 12*u - 15*u = -90. Suppose 207 = u*a - 27*a. What is the tens digit of a?
6
Let h = -56 + 58. What is the units digit of h/5 + (-4386)/(-85)?
2
Let p = 5809 - 3831. What is the hundreds digit of p?
9
Let l(o) = -9*o + 4. Suppose 4*z = 23 - 3. Suppose -z*b - 16 = 4. What is the tens digit of l(b)?
4
What is the tens digit of (3 + 1)*1371/12?
5
Let y be (-5)/(20/(-48)) - 1. Let j = 35 + y. What is the tens digit of j?
4
Suppose -8*w = -1623 - 1897. What is the hundreds digit of w?
4
Let u be 2/(-5) - 288/(-45). Suppose j + h = 6, 3*j - u*j - h = -18. Suppose 3*i = j*i - 72. What is the units digit of i?
4
Suppose 10*p - 7*p + 378 = 0. Let u = -226 - p. Let t = u + 143. What is the tens digit of t?
4
Suppose 7196 = 3*r - 4*i, 34 = -r + i + 2432. What is the tens digit of r?
9
Let q = -6 - -1. Let a be (-20)/q - (-1